usands digit of 5418?
5
What is the tens digit of 1083?
8
What is the units digit of 3409?
9
What is the thousands digit of 26429?
6
What is the hundreds digit of 2011?
0
What is the tens digit of 377?
7
What is the units digit of 2428?
8
What is the tens digit of 60838?
3
What is the hundreds digit of 2438?
4
What is the hundreds digit of 25877?
8
What is the units digit of 1111?
1
What is the thousands digit of 1633?
1
What is the hundreds digit of 20853?
8
What is the units digit of 2753?
3
What is the hundreds digit of 255?
2
What is the thousands digit of 4333?
4
What is the units digit of 3098?
8
What is the tens digit of 631?
3
What is the units digit of 2792?
2
What is the hundreds digit of 21357?
3
What is the tens digit of 4440?
4
What is the tens digit of 5346?
4
What is the hundreds digit of 63879?
8
What is the thousands digit of 2375?
2
What is the ten thousands digit of 17750?
1
What is the hundreds digit of 1849?
8
What is the units digit of 907?
7
What is the thousands digit of 14982?
4
What is the thousands digit of 6561?
6
What is the tens digit of 316?
1
What is the thousands digit of 1330?
1
What is the tens digit of 1069?
6
What is the ten thousands digit of 35746?
3
What is the thousands digit of 3411?
3
What is the tens digit of 33?
3
What is the tens digit of 1485?
8
What is the units digit of 2415?
5
What is the thousands digit of 57618?
7
What is the thousands digit of 114153?
4
What is the tens digit of 1270?
7
What is the tens digit of 1000?
0
What is the thousands digit of 3403?
3
What is the tens digit of 943?
4
What is the tens digit of 872?
7
What is the hundreds digit of 897?
8
What is the tens digit of 29763?
6
What is the units digit of 5950?
0
What is the hundreds digit of 5425?
4
What is the tens digit of 13847?
4
What is the hundreds digit of 1766?
7
What is the thousands digit of 15453?
5
What is the hundred thousands digit of 112147?
1
What is the tens digit of 7160?
6
What is the tens digit of 38537?
3
What is the hundreds digit of 1186?
1
What is the thousands digit of 4600?
4
What is the hundreds digit of 25020?
0
What is the hundreds digit of 61505?
5
What is the tens digit of 1581?
8
What is the thousands digit of 28415?
8
What is the units digit of 3900?
0
What is the hundreds digit of 9907?
9
What is the units digit of 34381?
1
What is the thousands digit of 1596?
1
What is the hundreds digit of 1046?
0
What is the thousands digit of 5554?
5
What is the tens digit of 17944?
4
What is the hundreds digit of 5378?
3
What is the tens digit of 8518?
1
What is the hundreds digit of 4311?
3
What is the tens digit of 6243?
4
What is the hundreds digit of 2506?
5
What is the thousands digit of 27232?
7
What is the units digit of 660?
0
What is the thousands digit of 107623?
7
What is the thousands digit of 9028?
9
What is the hundreds digit of 25447?
4
What is the tens digit of 159824?
2
What is the thousands digit of 18466?
8
What is the thousands digit of 1085?
1
What is the hundreds digit of 49878?
8
What is the ten thousands digit of 11412?
1
What is the hundreds digit of 3006?
0
What is the ten thousands digit of 16749?
1
What is the tens digit of 28419?
1
What is the hundreds digit of 135164?
1
What is the tens digit of 757?
5
What is the units digit of 9444?
4
What is the ten thousands digit of 36531?
3
What is the thousands digit of 37401?
7
What is the tens digit of 315?
1
What is the thousands digit of 2937?
2
What is the thousands digit of 17376?
7
What is the thousands digit of 5605?
5
What is the tens digit of 3624?
2
What is the hundreds digit of 80703?
7
What is the ten thousands digit of 22212?
2
What is the units digit of 248?
8
What is the thousands digit of 15824?
5
What is the hundreds digit of 9140?
1
What is the tens digit of 97892?
9
What is the units digit of 1275?
5
What is the tens digit of 31485?
8
What is the tens digit of 71748?
4
What is the ten thousands digit of 17637?
1
What is the tens digit of 522?
2
What is the tens digit of 42085?
8
What is the tens digit of 1818?
1
What is the hundreds digit of 1890?
8
What is the thousands digit of 23769?
3
What is the units digit of 44913?
3
What is the thousands digit of 21416?
1
What is the thousands digit of 6932?
6
What is the units digit of 14918?
8
What is the hundreds digit of 6557?
5
What is the hundreds digit of 4936?
9
What is the thousands digit of 1220?
1
What is the tens digit of 4641?
4
What is the units digit of 230?
0
What is the units digit of 4175?
5
What is the ten thousands digit of 27075?
2
What is the thousands digit of 68832?
8
What is the ten thousands digit of 21175?
2
What is the hundreds digit of 20160?
1
What is the ten thousands digit of 12142?
1
What is the thousands digit of 2854?
2
What is the hundreds digit of 7472?
4
What is the units digit of 259?
9
What is the hundreds digit of 21780?
7
What is the hundreds digit of 381?
3
What is the thousands digit of 6787?
6
What is the tens digit of 5543?
4
What is the tens digit of 8687?
8
What is the thousands digit of 5790?
5
What is the hundreds digit of 1060?
0
What is the units digit of 4186?
6
What is the units digit of 19455?
5
What is the tens digit of 28004?
0
What is the hundreds digit of 287?
2
What is the hundreds digit of 1448?
4
What is the units digit of 259?
9
What is the tens digit of 60?
6
What is the thousands digit of 5045?
5
What is the tens digit of 3982?
8
What is the units digit of 17345?
5
What is the tens digit of 3377?
7
What is the tens digit of 20671?
7
What is the tens digit of 16293?
9
What is the tens digit of 2767?
6
What is the units digit of 3602?
2
What is the units digit of 480?
0
What is the units digit of 1762?
2
What is the hundreds digit of 3161?
1
What is the thousands digit of 1893?
1
What is the thousands digit of 138192?
8
What is the hundreds digit of 618?
6
What is the tens digit of 6493?
9
What is the units digit of 748?
8
What is the tens digit of 4811?
1
What is the ten thousands digit of 53798?
5
What is the tens digit of 11269?
6
What is the tens digit of 920?
2
What is the units digit of 116?
6
What is the tens digit of 68220?
2
What is the thousands digit of 2034?
2
What is the hundreds digit of 84596?
5
What is the units digit of 1296?
6
What is the tens digit of 7515?
1
What is the units digit of 57?
7
What is the hundreds digit of 962?
9
What is the units digit of 13374?
4
What is the hundreds digit of 479?
4
What is the units digit of 158487?
7
What is the hundreds digit of 2272?
2
What is the hundreds digit of 40785?
7
What is the thousands digit of 3133?
3
What is the tens digit of 7503?
0
What is the thousands digit of 18990?
8
What is the hundreds digit of 10544?
5
What is the tens digit of 129?
2
What is the units digit of 39211?
1
What is the thousands digit of 32433?
2
What is the units digit of 2744?
4
What is the hundreds digit of 386?
3
What is the units digit of 825?
5
What is the tens digit of 1175?
7
What is the tens digit of 12?
1
What is the units digit of 54271?
1
What is the thousands digit of 2007?
2
What is the tens digit of 3735?
3
What is the tens digit of 9394?
9
What is the thousands digit of 3333?
3
What is the thousands digit of 88566?
8
What is the units digit of 511?
1
What is the tens digit of 88545?
4
What is the tens digit of 6309?
0
What is the tens digit of 473?
7
What is the hundreds digit of 11684?
6
What is the tens digit of 1374?
7
What is the thousands digit of 1171?
1
What is the units digit of 983?
3
What is the units digit of 41?
1
What is the thousands digit of 2434?
2
What is the thousands digit of 158238?
8
What is the ten thousands digit of 31534?
3
What is the thousands digit of 2074?
2
What is the tens digit of 31016?
1
What is the thousands digit of 1962?
1
What is the thousands digit of 1587?
1
What is the ten thousands digit of 127926?
2
What is the tens digit of 2250?
5
What is the units digit of 25502?
2
What is the units digit of 13235?
5
What is the hundreds digit of 2153?
1
What is the hundreds digit of 1129?
1
What is the hundreds digit of 4740?
7
What is the hundreds digit of 4941?
9
What is the hundreds digit of 2188?
1
What is the thousands digit of 7355?
7
What is the hundreds digit of 1258?
2
What is the thousands digit of 1980?
1
What is